{"id":1263,"date":"2015-09-21T16:13:33","date_gmt":"2015-09-21T13:13:33","guid":{"rendered":"http:\/\/wp.dogadernegi.net\/?post_type=dd_staff&#038;p=1263"},"modified":"2024-04-19T17:06:31","modified_gmt":"2024-04-19T14:06:31","slug":"guven-eken","status":"publish","type":"dd_staff","link":"https:\/\/dogadernegi.org\/en\/ekip\/guven-eken\/","title":{"rendered":"G\u00fcven Eken"},"content":{"rendered":"<p>2011 yaz\u0131ndan bu yana Orhanl\u0131 K\u00f6y\u00fc\u2019nde ya\u015f\u0131yorum. Hem k\u00f6y\u00fcm\u00fczde, hem de memleketim Gelibolu\u2019da \u00e7ift\u00e7ilik yap\u0131yorum. Do\u011fa Derne\u011fi ve Do\u011fa Okulu\u2019nun kurucular\u0131ndan biriyim. 2004-2014 y\u0131llar\u0131 aras\u0131nda \u00f6nce Do\u011fa Derne\u011fi&#8217;nin genel m\u00fcd\u00fcr\u00fc ve ard\u0131ndan y\u00f6netim kurulu ba\u015fkan\u0131 olarak g\u00f6rev yapt\u0131m. Halihaz\u0131rda, Do\u011fa Derne\u011fi&#8217;ni Do\u011fa Okulu \u00e7at\u0131s\u0131 alt\u0131nda y\u00fcr\u00fctt\u00fc\u011f\u00fcm\u00fcz e\u011fitim \u00e7al\u0131\u015fmalar\u0131 ile destekliyorum. Son y\u0131llarda kadim \u00fcretim havzalar\u0131, do\u011fan\u0131n kodlar\u0131 ve do\u011fa hakk\u0131 konulu \u00fc\u00e7 teorik \u00e7al\u0131\u015fman\u0131n haz\u0131rl\u0131klar\u0131n\u0131 s\u00fcrd\u00fcr\u00fcyorum.<\/p>","protected":false},"featured_media":26165,"template":"","meta":{"_acf_changed":false,"_uag_custom_page_level_css":""},"dd_staff_cat":[511],"class_list":["post-1263","dd_staff","type-dd_staff","status-publish","has-post-thumbnail","hentry","dd_staff_cat-danismanlar"],"acf":{"dd_staff_email":"","dd_staff_email_source":{"label":"E-posta","type":"text","formatted_value":""},"dd_staff_position":"Bilim Dan\u0131\u015fman\u0131","dd_staff_position_source":{"label":"Pozisyon","type":"text","formatted_value":"Bilim Dan\u0131\u015fman\u0131"}},"uagb_featured_image_src":{"full":["https:\/\/dogadernegi.org\/wp-content\/uploads\/2015\/09\/guven_eken.jpg",574,384,false],"thumbnail":["https:\/\/dogadernegi.org\/wp-content\/uploads\/2015\/09\/guven_eken-300x300.jpg",300,300,true],"medium":["https:\/\/dogadernegi.org\/wp-content\/uploads\/2015\/09\/guven_eken-300x201.jpg",300,201,true],"medium_large":["https:\/\/dogadernegi.org\/wp-content\/uploads\/2015\/09\/guven_eken.jpg",574,384,false],"large":["https:\/\/dogadernegi.org\/wp-content\/uploads\/2015\/09\/guven_eken.jpg",574,384,false],"1536x1536":["https:\/\/dogadernegi.org\/wp-content\/uploads\/2015\/09\/guven_eken.jpg",574,384,false],"2048x2048":["https:\/\/dogadernegi.org\/wp-content\/uploads\/2015\/09\/guven_eken.jpg",574,384,false]},"uagb_author_info":{"display_name":"A. Erdem \u015eent\u00fcrk","author_link":"https:\/\/dogadernegi.org\/en\/author\/"},"uagb_comment_info":0,"uagb_excerpt":"2011 yaz\u0131ndan bu yana Orhanl\u0131 K\u00f6y\u00fc\u2019nde ya\u015f\u0131yorum. Hem k\u00f6y\u00fcm\u00fczde, hem de memleketim Gelibolu\u2019da \u00e7ift\u00e7ilik yap\u0131yorum. Do\u011fa Derne\u011fi ve Do\u011fa Okulu\u2019nun kurucular\u0131ndan biriyim. [...]Read More... from G\u00fcven Eken","_links":{"self":[{"href":"https:\/\/dogadernegi.org\/en\/wp-json\/wp\/v2\/dd_staff\/1263","targetHints":{"allow":["GET"]}}],"collection":[{"href":"https:\/\/dogadernegi.org\/en\/wp-json\/wp\/v2\/dd_staff"}],"about":[{"href":"https:\/\/dogadernegi.org\/en\/wp-json\/wp\/v2\/types\/dd_staff"}],"wp:featuredmedia":[{"embeddable":true,"href":"https:\/\/dogadernegi.org\/en\/wp-json\/wp\/v2\/media\/26165"}],"wp:attachment":[{"href":"https:\/\/dogadernegi.org\/en\/wp-json\/wp\/v2\/media?parent=1263"}],"wp:term":[{"taxonomy":"dd_staff_cat","embeddable":true,"href":"https:\/\/dogadernegi.org\/en\/wp-json\/wp\/v2\/dd_staff_cat?post=1263"}],"curies":[{"name":"wp","href":"https:\/\/api.w.org\/{rel}","templated":true}]}}

Güven Eken

<p>2011 yazından bu yana Orhanlı Köyü’nde yaşıyorum. Hem köyümüzde, hem de memleketim Gelibolu’da çiftçilik yapıyorum. Doğa Derneği ve Doğa Okulu’nun kurucularından biriyim. 2004-2014 yılları arasında önce Doğa Derneği&#8217;nin genel müdürü ve ardından yönetim kurulu başkanı olarak görev yaptım. Halihazırda, Doğa Derneği&#8217;ni Doğa Okulu çatısı altında yürüttüğümüz eğitim çalışmaları ile destekliyorum. Son yıllarda kadim üretim havzaları, doğanın kodları ve doğa hakkı konulu üç teorik çalışmanın hazırlıklarını sürdürüyorum.</p>

Bilim Danışmanı

A. Erdem Şentürk

2011 yazından bu yana Orhanlı Köyü’nde yaşıyorum. Hem köyümüzde, hem de memleketim Gelibolu’da çiftçilik yapıyorum. Doğa Derneği ve Doğa Okulu’nun kurucularından biriyim. [...]Read More... from Güven Eken
