{"id":22424,"date":"2023-01-13T14:12:06","date_gmt":"2023-01-13T11:12:06","guid":{"rendered":"https:\/\/dogadernegi.org\/?post_type=dd_staff&#038;p=22424"},"modified":"2024-03-03T20:15:01","modified_gmt":"2024-03-03T17:15:01","slug":"gulbahar-biler","status":"publish","type":"dd_staff","link":"https:\/\/dogadernegi.org\/en\/ekip\/gulbahar-biler\/","title":{"rendered":"G\u00fclbahar Biler"},"content":{"rendered":"<p>\u00c7ocuklu\u011fum verimli topraklarda, ye\u015fili, a\u011fac\u0131 \u00e7ok, suyu leziz Adapazar\u0131&#8217;nda ge\u00e7ti. O zamanlar \u00e7e\u015fmelerimizden akan Sapanca G\u00f6l\u00fc&#8217;n\u00fcn suyu tertemizdi. Evler bah\u00e7eli, a\u011fac\u0131, yemi\u015fi boldu.<br>\u0130zmir Dokuz Eyl\u00fcl &#8211; \u0130ktisat&#8217;tan mezunum. Sonras\u0131 \u0130stanbul, \u015fehir ve i\u015f hayat\u0131 i\u00e7inde ge\u00e7en uzun bir s\u00fcreden sonra 2010&#8242; da Kre\u015f ve Anaokulu i\u015fletmecili\u011fi i\u00e7in Adapazar\u0131&#8217;na d\u00f6n\u00fc\u015f yapt\u0131m. \u015eehirlerin, ya\u015fayan insanlar\u0131yla birlikte, topra\u011f\u0131n\u0131, suyunu, bitkilerini, hayvanlar\u0131n\u0131, a\u011fa\u00e7lar\u0131n\u0131 da kapsayan bir ruhu oldu\u011funa ve bu ruhun bir \u015fekilde bizi y\u00f6nlendirdi\u011fine inan\u0131yorum. 2015&#8217;te Anadolu co\u011frafyas\u0131n\u0131 ve iklimini bamba\u015fka g\u00f6zlerle g\u00f6rmemize vesile olan Mucizeler Yolu yolculu\u011fu ile birlikte Do\u011fa Okulu ve Do\u011fa Derne\u011fi ile tan\u0131\u015ft\u0131m. 2015-2018 y\u0131llar\u0131 aras\u0131nda Do\u011fa Okulu&#8217;nun Seferihisar&#8217;daki Do\u011fa ve Kadim Anadolu K\u00fclt\u00fcr\u00fc \u00fczerine yapt\u0131\u011f\u0131 okullara kat\u0131ld\u0131m. O zamandan bu yana Do\u011fa Derne\u011fi ve Do\u011fa Okulu&#8217;nun ara y\u00fcz\u00fcy\u00fcz diye d\u00fc\u015f\u00fcnd\u00fc\u011f\u00fcm g\u00f6n\u00fcll\u00fclerindenim. Hepimiz yery\u00fcz\u00fcn\u00fcn bir par\u00e7as\u0131 oldu\u011fumuzu ve onun can\u0131n\u0131 ac\u0131tman\u0131n kendi can\u0131m\u0131z\u0131 ac\u0131tmak oldu\u011funu i\u00e7imizde bir yerlerde biliyoruz. Sadece bunu hat\u0131rlamam\u0131z gerekiyor.<\/p>","protected":false},"featured_media":22425,"template":"","meta":{"_acf_changed":false,"_uag_custom_page_level_css":""},"dd_staff_cat":[512],"class_list":["post-22424","dd_staff","type-dd_staff","status-publish","has-post-thumbnail","hentry","dd_staff_cat-yonetim-kurulu"],"acf":{"dd_staff_email":"","dd_staff_email_source":{"label":"E-posta","type":"text","formatted_value":""},"dd_staff_position":"Y\u00f6netim Kurulu \u00dcyesi","dd_staff_position_source":{"label":"Pozisyon","type":"text","formatted_value":"Y\u00f6netim Kurulu \u00dcyesi"}},"uagb_featured_image_src":{"full":["https:\/\/dogadernegi.org\/wp-content\/uploads\/2023\/01\/photo1673512998.jpeg",1130,1047,false],"thumbnail":["https:\/\/dogadernegi.org\/wp-content\/uploads\/2023\/01\/photo1673512998-300x300.jpeg",300,300,true],"medium":["https:\/\/dogadernegi.org\/wp-content\/uploads\/2023\/01\/photo1673512998-300x278.jpeg",300,278,true],"medium_large":["https:\/\/dogadernegi.org\/wp-content\/uploads\/2023\/01\/photo1673512998-768x712.jpeg",768,712,true],"large":["https:\/\/dogadernegi.org\/wp-content\/uploads\/2023\/01\/photo1673512998-1024x949.jpeg",1024,949,true],"1536x1536":["https:\/\/dogadernegi.org\/wp-content\/uploads\/2023\/01\/photo1673512998.jpeg",1130,1047,false],"2048x2048":["https:\/\/dogadernegi.org\/wp-content\/uploads\/2023\/01\/photo1673512998.jpeg",1130,1047,false]},"uagb_author_info":{"display_name":"A. Erdem \u015eent\u00fcrk","author_link":"https:\/\/dogadernegi.org\/en\/author\/"},"uagb_comment_info":0,"uagb_excerpt":"\u00c7ocuklu\u011fum verimli topraklarda, ye\u015fili, a\u011fac\u0131 \u00e7ok, suyu leziz Adapazar\u0131&#8217;nda ge\u00e7ti. O zamanlar \u00e7e\u015fmelerimizden akan Sapanca G\u00f6l\u00fc&#8217;n\u00fcn suyu tertemizdi. Evler bah\u00e7eli, a\u011fac\u0131, yemi\u015fi boldu.\u0130zmir Dokuz Eyl\u00fcl &#8211; \u0130ktisat&#8217;tan mezunum. Sonras\u0131 \u0130stanbul, \u015fehir ve i\u015f hayat\u0131 i\u00e7inde ge\u00e7en uzun bir s\u00fcreden sonra 2010&#8242; da Kre\u015f ve Anaokulu i\u015fletmecili\u011fi i\u00e7in Adapazar\u0131&#8217;na d\u00f6n\u00fc\u015f yapt\u0131m. \u015eehirlerin, ya\u015fayan insanlar\u0131yla birlikte, topra\u011f\u0131n\u0131,&hellip;","_links":{"self":[{"href":"https:\/\/dogadernegi.org\/en\/wp-json\/wp\/v2\/dd_staff\/22424","targetHints":{"allow":["GET"]}}],"collection":[{"href":"https:\/\/dogadernegi.org\/en\/wp-json\/wp\/v2\/dd_staff"}],"about":[{"href":"https:\/\/dogadernegi.org\/en\/wp-json\/wp\/v2\/types\/dd_staff"}],"wp:featuredmedia":[{"embeddable":true,"href":"https:\/\/dogadernegi.org\/en\/wp-json\/wp\/v2\/media\/22425"}],"wp:attachment":[{"href":"https:\/\/dogadernegi.org\/en\/wp-json\/wp\/v2\/media?parent=22424"}],"wp:term":[{"taxonomy":"dd_staff_cat","embeddable":true,"href":"https:\/\/dogadernegi.org\/en\/wp-json\/wp\/v2\/dd_staff_cat?post=22424"}],"curies":[{"name":"wp","href":"https:\/\/api.w.org\/{rel}","templated":true}]}}

Gülbahar Biler

<p>Çocukluğum verimli topraklarda, yeşili, ağacı çok, suyu leziz Adapazarı&#8217;nda geçti. O zamanlar çeşmelerimizden akan Sapanca Gölü&#8217;nün suyu tertemizdi. Evler bahçeli, ağacı, yemişi boldu.<br>İzmir Dokuz Eylül &#8211; İktisat&#8217;tan mezunum. Sonrası İstanbul, şehir ve iş hayatı içinde geçen uzun bir süreden sonra 2010&#8242; da Kreş ve Anaokulu işletmeciliği için Adapazarı&#8217;na dönüş yaptım. Şehirlerin, yaşayan insanlarıyla birlikte, toprağını, suyunu, bitkilerini, hayvanlarını, ağaçlarını da kapsayan bir ruhu olduğuna ve bu ruhun bir şekilde bizi yönlendirdiğine inanıyorum. 2015&#8217;te Anadolu coğrafyasını ve iklimini bambaşka gözlerle görmemize vesile olan Mucizeler Yolu yolculuğu ile birlikte Doğa Okulu ve Doğa Derneği ile tanıştım. 2015-2018 yılları arasında Doğa Okulu&#8217;nun Seferihisar&#8217;daki Doğa ve Kadim Anadolu Kültürü üzerine yaptığı okullara katıldım. O zamandan bu yana Doğa Derneği ve Doğa Okulu&#8217;nun ara yüzüyüz diye düşündüğüm gönüllülerindenim. Hepimiz yeryüzünün bir parçası olduğumuzu ve onun canını acıtmanın kendi canımızı acıtmak olduğunu içimizde bir yerlerde biliyoruz. Sadece bunu hatırlamamız gerekiyor.</p>

Yönetim Kurulu Üyesi

A. Erdem Şentürk

Çocukluğum verimli topraklarda, yeşili, ağacı çok, suyu leziz Adapazarı&#8217;nda geçti. O zamanlar çeşmelerimizden akan Sapanca Gölü&#8217;nün suyu tertemizdi. Evler bahçeli, ağacı, yemişi boldu.İzmir Dokuz Eylül &#8211; İktisat&#8217;tan mezunum. Sonrası İstanbul, şehir ve iş hayatı içinde geçen uzun bir süreden sonra 2010&#8242; da Kreş ve Anaokulu işletmeciliği için Adapazarı&#8217;na dönüş yaptım. Şehirlerin, yaşayan insanlarıyla birlikte, toprağını,&hellip;
